{"id":970,"date":"2019-01-06T13:06:16","date_gmt":"2019-01-06T12:06:16","guid":{"rendered":"http:\/\/www.dev.quandmaime.org\/?page_id=970"},"modified":"2019-01-06T14:29:36","modified_gmt":"2019-01-06T13:29:36","slug":"mentions-legales","status":"publish","type":"page","link":"https:\/\/www.dev.quandmaime.org\/index.php\/mentions-legales\/","title":{"rendered":"Mentions l\u00e9gales"},"content":{"rendered":"\n<h2><em><strong>Mentions<\/strong><\/em> l\u00e9gales<\/h2>\n\n\n\n<p>Le site (et les sites plac\u00e9s en sous-domaine qui en d\u00e9coulent) est la propri\u00e9t\u00e9 de l&rsquo;association \u00ab\u00a0Quand m&rsquo;aime ?\u00a0\u00bb. Il est destin\u00e9 \u00e0 l&rsquo;information personnelle et la mobilisation des internautes qui l&rsquo;utilisent.<\/p>\n\n\n\n<p><strong>Quand m&rsquo;aime ?<\/strong><br>42 rue Sadi Carnot<br>59139 Wattignies<br>France<br>E-mail : contact@quandmaime.org<br>SIREN :  451 074 850<br><br><strong>Pr\u00e9sidente et Directrice  de publication :<\/strong> Amandine Deroo<\/p>\n\n\n\n<p><strong>H\u00e9bergeur :<\/strong><br><strong> <\/strong><a href=\"https:\/\/www.ovh.com\/fr\/\">OVH &#8211; 2 rue Kellermann &#8211; 59100 Roubaix &#8211; France<\/a><\/p>\n\n\n\n<p><strong>Droits d&rsquo;auteur :<\/strong><br>L\u2019ensemble de ce site rel\u00e8ve de la l\u00e9gislation fran\u00e7aise et internationale sur le droit d\u2019auteur et la propri\u00e9t\u00e9 intellectuelle. Tous les droits de reproduction sont r\u00e9serv\u00e9s, y compris les repr\u00e9sentations iconographiques et photographiques. La reproduction de tout ou partie de ce site sur un support quel qu\u2019il soit, est formellement interdite sauf autorisation expresse du responsable du site.<\/p>\n\n\n\n<p><strong>Traitement des donn\u00e9es :<\/strong><br>Les informations vous concernant sont enregistr\u00e9es dans un fichier informatis\u00e9 par l&rsquo;association \u00ab\u00a0Quand m&rsquo;aime ?\u00a0\u00bb.  <br>Elles sont utilis\u00e9es pour vous envoyer votre re\u00e7u fiscal et faire appel \u00e0 votre g\u00e9n\u00e9rosit\u00e9. L&rsquo;association \u00ab\u00a0Quand m&rsquo;aime ?\u00a0\u00bb s\u2019engage \u00e0 ce que sa base de donn\u00e9es soit physiquement h\u00e9berg\u00e9e dans l\u2019Union Europ\u00e9enne et avec les garanties de s\u00e9curit\u00e9 pr\u00e9vues par le RGPD.\u00a0\u00a0 Elles seront conserv\u00e9es conform\u00e9ment \u00e0 la loi et pendant la dur\u00e9e strictement n\u00e9cessaire \u00e0 la r\u00e9alisation des finalit\u00e9s pr\u00e9cit\u00e9es. <\/p>\n\n\n\n<p>L\u2019association \u00ab\u00a0Quand m\u2019aime ?\u00a0\u00bb ne pratique ni l\u2019\u00e9change, ni la location des coordonn\u00e9es de ses donateurs. <\/p>\n\n\n\n<p>Conform\u00e9ment \u00e0 la loi informatique et libert\u00e9s du 6 janvier 1978, vous disposez d\u2019un droit d\u2019acc\u00e8s, de modification, de rectification et de suppression des donn\u00e9es personnelles vous concernant. Pour exercer ce droit, vous pouvez nous joindre par courrier ou par e-mail aux adresses indiqu\u00e9es ci-dessus. <\/p>\n\n\n\n<p><\/p>\n","protected":false},"excerpt":{"rendered":"<p>Mentions l\u00e9gales Le site (et les sites plac\u00e9s en sous-domaine qui en d\u00e9coulent) est la propri\u00e9t\u00e9 de l&rsquo;association \u00ab\u00a0Quand m&rsquo;aime ?\u00a0\u00bb. Il est destin\u00e9 \u00e0 l&rsquo;information personnelle et la mobilisation des internautes qui l&rsquo;utilisent. Quand m&rsquo;aime ?42 rue Sadi Carnot59139 WattigniesFranceE-mail : contact@quandmaime.orgSIREN : 451 074 850 Pr\u00e9sidente et Directrice de publication : Amandine Deroo <\/p>\n","protected":false},"author":1,"featured_media":0,"parent":0,"menu_order":0,"comment_status":"closed","ping_status":"closed","template":"","meta":{"amp_status":""},"categories":[],"tags":[],"_links":{"self":[{"href":"https:\/\/www.dev.quandmaime.org\/index.php\/wp-json\/wp\/v2\/pages\/970"}],"collection":[{"href":"https:\/\/www.dev.quandmaime.org\/index.php\/wp-json\/wp\/v2\/pages"}],"about":[{"href":"https:\/\/www.dev.quandmaime.org\/index.php\/wp-json\/wp\/v2\/types\/page"}],"author":[{"embeddable":true,"href":"https:\/\/www.dev.quandmaime.org\/index.php\/wp-json\/wp\/v2\/users\/1"}],"replies":[{"embeddable":true,"href":"https:\/\/www.dev.quandmaime.org\/index.php\/wp-json\/wp\/v2\/comments?post=970"}],"version-history":[{"count":6,"href":"https:\/\/www.dev.quandmaime.org\/index.php\/wp-json\/wp\/v2\/pages\/970\/revisions"}],"predecessor-version":[{"id":983,"href":"https:\/\/www.dev.quandmaime.org\/index.php\/wp-json\/wp\/v2\/pages\/970\/revisions\/983"}],"wp:attachment":[{"href":"https:\/\/www.dev.quandmaime.org\/index.php\/wp-json\/wp\/v2\/media?parent=970"}],"wp:term":[{"taxonomy":"category","embeddable":true,"href":"https:\/\/www.dev.quandmaime.org\/index.php\/wp-json\/wp\/v2\/categories?post=970"},{"taxonomy":"post_tag","embeddable":true,"href":"https:\/\/www.dev.quandmaime.org\/index.php\/wp-json\/wp\/v2\/tags?post=970"}],"curies":[{"name":"wp","href":"https:\/\/api.w.org\/{rel}","templated":true}]}}