{"id":2,"date":"2019-01-01T01:46:23","date_gmt":"2019-01-01T00:46:23","guid":{"rendered":"http:\/\/www.dev.quandmaime.org\/?page_id=2"},"modified":"2019-01-01T19:11:59","modified_gmt":"2019-01-01T18:11:59","slug":"page-d-exemple","status":"publish","type":"page","link":"https:\/\/www.dev.quandmaime.org\/","title":{"rendered":"Accueil"},"content":{"rendered":"<h1 id=\"couche1\" style=\"text-align: left;\">Le mot d&rsquo;Amandine<\/h1>\n<blockquote>\n<p style=\"padding-left: 30px;\"><span style=\"font-size: inherit; letter-spacing: initial;\"><img loading=\"lazy\" class=\"size-medium wp-image-699 alignright\" src=\"http:\/\/www.dev.quandmaime.org\/wp-content\/uploads\/2019\/01\/Fanja_Patrice-e1546366009335-240x300.png\" alt=\"\" width=\"240\" height=\"300\" srcset=\"https:\/\/www.dev.quandmaime.org\/wp-content\/uploads\/2019\/01\/Fanja_Patrice-e1546366009335-240x300.png 240w, https:\/\/www.dev.quandmaime.org\/wp-content\/uploads\/2019\/01\/Fanja_Patrice-e1546366009335.png 571w\" sizes=\"(max-width: 240px) 100vw, 240px\" \/>En mai 1997 un soir d\u2019hiver austral, (alors que je faisais mon stage de fin d\u2019\u00e9tude informatique sur l\u2019\u00eele envo\u00fbtante de Madagascar) j\u2019ai rencontr\u00e9, au coin d\u2019une rue insalubre, une petite fille crasseuse, meurtrie et affam\u00e9e qui a chang\u00e9 ma vie. Je me suis pench\u00e9e sur sa vie plus fragile que celle d\u2019un oiseau, et elle a \u00e9veill\u00e9 ma conscience sur notre monde si hostile pour des rejetons qui n\u2019ont rien, pour lesquels chaque jour est une bataille pour la survie\u00a0: les enfants des rues d\u2019Antsirabe. Je suis revenue en France porteuse d\u2019une lourde mission confi\u00e9e par mon petit ange au regard p\u00e9n\u00e9trant\u00a0: je lui ai promis de me battre pour trouver des solutions afin rendre sa destin\u00e9e et celles de\u00a0<\/span><span style=\"font-size: inherit; letter-spacing: initial; color: inherit;\">ses camarades un peu plus douce\u2026<\/span><\/p>\n<div><\/div>\n<\/blockquote>\n<div><\/div>\n<blockquote>\n<div><\/div>\n<div id=\"couche1\"><span style=\"font-size: inherit; letter-spacing: initial;\">Voil\u00e0 quelques ann\u00e9es que je me suis lanc\u00e9e dans cette croisade o\u00f9 il faut s\u2019investir corps et \u00e2me. Cela est \u00e9puisant mais comment baisser les bras devant ces sourires charg\u00e9s\u00a0<\/span><span style=\"color: inherit; font-size: inherit; letter-spacing: initial;\">de tant de volont\u00e9 de vivre\u00a0? En 2001 apr\u00e8s quelques ann\u00e9es de batailles solitaires, j\u2019ai cr\u00e9\u00e9 l\u2019association\u00a0: \u00ab\u00a0Quand m\u2019aime ?\u00a0\u00bb avec les personnes, qui depuis toutes ces ann\u00e9es, me soutiennent et m\u2019aident dans cette lourde t\u00e2che. Notre but est d\u2019aider les enfants dans leur lutte quotidienne en les nourrissant, en les habillant, en leur donnant un toit, en leur procurant des papiers, en finan\u00e7ant leurs \u00e9tudes, en leur assurant des soins, et en leur donnant beaucoup beaucoup d\u2019amour.<\/span><\/div>\n<\/blockquote>\n","protected":false},"excerpt":{"rendered":"<p>Le mot d&rsquo;Amandine En mai 1997 un soir d\u2019hiver austral, (alors que je faisais mon stage de fin d\u2019\u00e9tude informatique sur l\u2019\u00eele envo\u00fbtante de Madagascar) j\u2019ai rencontr\u00e9, au coin d\u2019une rue insalubre, une petite fille crasseuse, meurtrie et affam\u00e9e qui a chang\u00e9 ma vie. Je me suis pench\u00e9e sur sa vie plus fragile que celle <\/p>\n","protected":false},"author":1,"featured_media":0,"parent":0,"menu_order":0,"comment_status":"closed","ping_status":"open","template":"page-front.php","meta":{"amp_status":""},"categories":[],"tags":[],"_links":{"self":[{"href":"https:\/\/www.dev.quandmaime.org\/index.php\/wp-json\/wp\/v2\/pages\/2"}],"collection":[{"href":"https:\/\/www.dev.quandmaime.org\/index.php\/wp-json\/wp\/v2\/pages"}],"about":[{"href":"https:\/\/www.dev.quandmaime.org\/index.php\/wp-json\/wp\/v2\/types\/page"}],"author":[{"embeddable":true,"href":"https:\/\/www.dev.quandmaime.org\/index.php\/wp-json\/wp\/v2\/users\/1"}],"replies":[{"embeddable":true,"href":"https:\/\/www.dev.quandmaime.org\/index.php\/wp-json\/wp\/v2\/comments?post=2"}],"version-history":[{"count":18,"href":"https:\/\/www.dev.quandmaime.org\/index.php\/wp-json\/wp\/v2\/pages\/2\/revisions"}],"predecessor-version":[{"id":712,"href":"https:\/\/www.dev.quandmaime.org\/index.php\/wp-json\/wp\/v2\/pages\/2\/revisions\/712"}],"wp:attachment":[{"href":"https:\/\/www.dev.quandmaime.org\/index.php\/wp-json\/wp\/v2\/media?parent=2"}],"wp:term":[{"taxonomy":"category","embeddable":true,"href":"https:\/\/www.dev.quandmaime.org\/index.php\/wp-json\/wp\/v2\/categories?post=2"},{"taxonomy":"post_tag","embeddable":true,"href":"https:\/\/www.dev.quandmaime.org\/index.php\/wp-json\/wp\/v2\/tags?post=2"}],"curies":[{"name":"wp","href":"https:\/\/api.w.org\/{rel}","templated":true}]}}